. Let y be (-1 + 0)*-15 - 2. Calculate the greatest common factor of n and y.
13
Let d = -83 - -90. Suppose -3*u = -t - d*u + 122, 0 = 2*t + 5*u - 238. Calculate the greatest common divisor of t and 19.
19
Let j be ((-40)/(-6) + -2)/(6/27). Let c(k) = 31 + k**2 - 4*k + 11 + 3*k. Let q be c(0). What is the highest common divisor of q and j?
21
Let h(k) = 2*k**2 + 4*k - 6. Let n be h(-5). Let l = -778 - -784. Calculate the highest common divisor of l and n.
6
Let z be (-663)/(-17) + (1 - -1). Let m = z + -32. What is the highest common divisor of 99 and m?
9
Suppose 270 = 138*b - 132*b. What is the greatest common factor of 75 and b?
15
Suppose 21*j - 10513 - 9773 = 0. Calculate the greatest common divisor of j and 84.
42
Suppose 0 = h - 3 - 19. Let m = h + 2. Let i = 26 - 20. Calculate the greatest common divisor of m and i.
6
Let r(w) = 3*w**3 - 2*w**2 - 5*w. Let d be r(3). Let u = -36 - -68. Calculate the highest common divisor of u and d.
16
Let d = 308 - 299. Calculate the greatest common divisor of 42 and d.
3
Let n(v) = v**3 - v**2 + 12. Let h be n(0). Suppose 0*q + h = -2*q. Let z be 18*1*q/(-9). What is the highest common divisor of z and 108?
12
Let j(v) = -v**3 + 6*v**2 + 9*v - 4. Let w be j(7). Let b be (4 - (-5 - -4))/(1/3). What is the greatest common factor of b and w?
5
Suppose c = -3*u - 3, 0 = -5*c + 4*u + 25 + 36. Suppose 0 = c*l - 75 - 24. Calculate the highest common factor of 1 and l.
1
Suppose -5*g + p + 99 = 0, -2*p + 7*p + 35 = 2*g. Calculate the highest common factor of g and 1460.
20
Let j = 254 - 251. Calculate the greatest common factor of 42 and j.
3
Suppose -n - n = -16. Suppose 4*q + n = z - q, -3*q = -4*z + 83. Let w be z + -2 + 1 - 1. Calculate the highest common divisor of 14 and w.
7
Let k(y) = -y**3 - 4*y**2 + 3*y - 5. Let t be k(-4). Let g = -13 - t. Let n = 26 + g. Calculate the highest common divisor of n and 20.
10
Let b be (-6)/21 + 12748/28. Suppose b = -r + 6*r - 5*s, -s = 4*r - 344. Calculate the greatest common factor of r and 58.
29
Suppose 5*g - 3*o - 937 = 0, 0*o + 5*o + 945 = 5*g. Calculate the highest common divisor of 333 and g.
37
Suppose 4*m = 5*y + 3*m - 294, 2*m - 2 = 0. Let f = y - 19. Calculate the highest common factor of 60 and f.
20
Let w be (-22)/77 + 846/21. Calculate the greatest common divisor of 56 and w.
8
Let t(m) = -2*m**2 + 19*m + 8. Let c be t(10). Let v = c + 18. Suppose 4*l - 17 = -g, -g - 4*g = 5*l - 25. Calculate the greatest common factor of l and v.
4
Let w(u) = 2*u**2 - 24*u - 14. Suppose -13 = 4*q - 5*q. Let r be w(q). Suppose 4*o = 2*o + 240. What is the highest common factor of o and r?
12
Let b(p) = p**3 + 18*p**2 + 21*p - 4. Let v be b(-2). What is the highest common divisor of v and 1854?
18
Suppose 0 = -i + 4, -4*i - 67 = 5*o - 2*i. Let a = 20 + o. Suppose -25 = -7*b + 2*b, -4*b + a = -5*r. What is the greatest common divisor of r and 3?
3
Let r(o) = 14*o - 371. Let b be r(27). What is the highest common divisor of 119 and b?
7
Let h be (-3 + 2)*(7 - -1). Let t be -8*(6 + -2)/h. Suppose 5*g + 0*g = 10. Calculate the highest common factor of g and t.
2
Let o be 675/40 + 3/24. What is the highest common factor of 3 and o?
1
Suppose -3*w + 2000 = -2*b + 340, 2762 = 5*w - b. Calculate the greatest common divisor of 23 and w.
23
Suppose -2*g - 4*u + 1586 = 0, g + 4*u = 4*g - 2389. Suppose p - 2*k - 155 = -k, -g = -5*p + k. Calculate the greatest common divisor of p and 32.
32
Let i(q) = -8*q + 0*q**3 + q**3 - 2*q**3 + 10*q**2 + 13. Let z = -97 - -106. Let o be i(z). Calculate the greatest common factor of 44 and o.
22
Let w be (-6*6)/(6/(-4)). Suppose -16*p = -1452 - 84. What is the highest common divisor of w and p?
24
Let i(t) = -3*t**2 - 12*t. Let w be i(-8). Let v = -48 - w. Calculate the greatest common factor of v and 240.
48
Let q(n) = -n**2 + 3*n + 1. Let c be q(3). Let t be c/(3/120) - -1. Let r = -15 + t. Calculate the highest common divisor of 65 and r.
13
Suppose 2*o = 23 + 9. Let z be 0 - (1 + -3 + 1). Suppose 0 = 5*x - a - 23, -a = x - 0*a - z. What is the highest common divisor of o and x?
4
Let o be 976/3 - 2 - 36/(-54). Calculate the greatest common divisor of 36 and o.
36
Let r be 4/(5 + 486/(-102)). Calculate the greatest common divisor of r and 34.
17
Let b(c) = -c**2 + 15*c + 1. Let v be b(13). Let a be 27/6*6*2. Let q be -4 - -4 - a/(-3). What is the highest common divisor of q and v?
9
Let q(c) = c - 4. Let i be q(4). Suppose -l = -4*u + 78, i = -3*u + 2*l - 3*l + 62. Calculate the highest common divisor of u and 220.
20
Let i = 9461 + -9435. Let j(k) = 7*k**2 - k - 1. Let h be j(-3). Calculate the highest common divisor of h and i.
13
Let s be 896/10 + 23/(-5) + 5. What is the greatest common factor of 54 and s?
18
Suppose -p + 2*n = -0*n - 303, 0 = -4*p + 5*n + 1200. Calculate the greatest common factor of 59 and p.
59
Let y(u) = -u**2 - 3*u + 63. Suppose 2*k = 3*k. Let d be y(k). What is the highest common divisor of d and 42?
21
Let x be (-11)/((-44)/96) + (-2 - -4). Let b be 5 - (x + 1)/(-3). Calculate the highest common factor of 77 and b.
7
Let j = 13 + 34. Let f = -17 + j. Suppose 0 = -2*a + 3*a - f. Calculate the greatest common factor of 12 and a.
6
Let s(v) = v**2 - 9*v + 35. Let u be s(3). Calculate the highest common factor of 867 and u.
17
Suppose 4*s + 20 = 0, s - 7 = -4*v + 8. Let m(i) = 31*i - 32*i + 2 + 4. Let x be m(v). What is the highest common divisor of x and 1?
1
Let p(y) = y**2 + 5*y - 8. Let c = 79 - 87. Let k be p(c). Calculate the highest common factor of 48 and k.
16
Suppose 11*u + 254 = 1750. What is the highest common divisor of 884 and u?
68
Let m(y) = -y**3 - 7*y**2 - 7*y + 5. Let q = 39 - 45. Let r be m(q). Calculate the greatest common divisor of r and 11.
11
Suppose 0 = -3*q + 3 + 3. Let h be (1/(-3))/((-11)/(-33)). Let z be 2/1 + h + q. What is the highest common divisor of 2 and z?
1
Suppose -n + 63 = -17. Let k be 3/7 - (-1)/((-7)/(-32)). Suppose -17 = -k*f + 63. What is the highest common factor of n and f?
16
Let u(j) = -j - 10. Let p be u(-7). Let a be -2 + p + 3 + 5. Let f be (-2 - -6)/(-2)*(-126)/28. What is the highest common factor of a and f?
3
Let m = 274 + -134. Let r(h) = h - 3. Let f be r(1). Let j(t) = -9*t - 4. Let s be j(f). Calculate the greatest common factor of m and s.
14
Suppose 22 = 2*y - y. Suppose 0 = 4*z - 4*f - 144, 2*z + f = 5*f + 78. Calculate the greatest common factor of y and z.
11
Let f(c) = -12*c + 146. Let h be f(10). Calculate the highest common divisor of h and 1066.
26
Let l = -1343 + 1349. Let b be 4*(-1 - 1*-2). Calculate the greatest common factor of b and l.
2
Let r(m) = m**3 + 12*m**2 + 15*m - 12. Let w be r(-10). Calculate the highest common divisor of w and 95.
19
Let p(w) = w**2 + 7*w - 94. Let s be p(11). What is the highest common factor of 728 and s?
104
Let h(n) be the first derivative of -37*n**2/2 + 10*n + 50. Let z be h(-2). Let u be 3/9 - (-167)/3. What is the greatest common factor of z and u?
28
Let s be 1 - -159 - 1 - -5. Calculate the greatest common factor of 1066 and s.
82
Suppose -12*q + 10*q + 64 = 0. Let s = -21 + q. Let k(o) = 4*o + 6. Let y be k(4). What is the greatest common factor of y and s?
11
Let m be (-11)/(-33)*(-4 - (-74 + 4)). Calculate the greatest common factor of 143 and m.
11
Let i = 135 - 31. Let c = i + 40. Calculate the greatest common factor of c and 16.
16
Suppose 12 = 3*s - 27. Let c be 1 - ((-196 - 1) + 3). Calculate the highest common divisor of c and s.
13
Let n(d) = 8*d + 126. Let h be n(-15). Calculate the highest common factor of 32 and h.
2
Let m(j) = 2*j**2 - 30*j + 1. Let z be m(15). What is the highest common factor of 3 and z?
1
Let w = 45 + -25. Let o = -1 + 0. Let f(r) = 160*r**2. Let i be f(o). Calculate the highest common divisor of i and w.
20
Let i(c) = 4 + 14 + 384*c**2 - 13*c - 382*c**2. Let v be i(7). Calculate the highest common divisor of v and 100.
25
Let a = 51 - 25. What is the highest common factor of a and 234?
26
Let o = -892 + 908. What is the highest common factor of 44 and o?
4
Let i(r) = r**3 - 20*r**2 + 27*r - 26. Let g be i(19). Suppose -t = -3*t + g. What is the highest common divisor of 9 and t?
9
Suppose 5*q = 10 + 5. Let d = q - -1. Suppose 2*m + 2*a - 66 = -0*m, 3*m - 3*a - 69 = 0.